ime factors of 12/66 - k/(-22).
2
Let b(u) = -u**3 + 5*u**2 + 15*u + 1. List the prime factors of b(7).
2
Suppose -245 = -3*q + 4*x, q - 2*x = -4*x + 95. What are the prime factors of q?
3, 29
Suppose -m + n + 138 = 0, -m + n + 144 = 2*n. What are the prime factors of m?
3, 47
Let c(i) = i**2 + 2*i + 174. What are the prime factors of c(0)?
2, 3, 29
Let m(l) = -4*l - 4. Let q(g) = g**2 + 6*g + 5. Let r be q(-4). List the prime factors of m(r).
2
Suppose 5*a - 208 = 3*g, a + g = -3*g + 60. What are the prime factors of a?
2, 11
Let n(l) = -2*l**3 - l. Suppose 2*a + 4 = -2*z, 4*z + 5 = a + 2. Let p be n(a). Suppose -5*o + 2*f = -2*o - 27, 3*o + p*f - 42 = 0. List the prime factors of o.
11
Let k(w) be the first derivative of -5*w**2/2 - 9*w - 5. List the prime factors of k(-9).
2, 3
Suppose -2*i + 4 = -3*i, 4*i + 25 = 3*t. Let k(j) = 5*j**2 - 3*j + 5. What are the prime factors of k(t)?
41
Suppose -3*i + i = -5*q + 20, -22 = -q + 4*i. List the prime factors of q.
2
Let f(p) = p**3 + 6*p**2 + 11. List the prime factors of f(-5).
2, 3
Let h(m) = -m**2 + 7*m - 2. Let r(j) = j**2 - 6*j + 3. Let f(k) = 2*h(k) + 3*r(k). Let d = 59 - 54. What are the prime factors of f(d)?
2, 5
Suppose -2*i - 18 = -44. List the prime factors of i.
13
Suppose -5*j = -2*u - 31, 10 = 5*j + 4*u + u. Let v = j + 2. What are the prime factors of v?
7
Let p = 199 - 70. List the prime factors of p.
3, 43
Let o = 0 + 2. What are the prime factors of o?
2
List the prime factors of (-2)/(-13) + (-930)/(-39).
2, 3
Let r(y) = -2*y**2 - 2*y + 1 - 6*y**3 + 4*y**3 - 2. List the prime factors of r(-2).
11
Let b = 0 - -6. Let v = b - 1. Suppose v*w - 2*w = 15. List the prime factors of w.
5
Let a(i) = -i**2 - 8*i - 11. List the prime factors of a(-5).
2
Let q(z) = z**2 + 5*z + 5. Let m be q(-4). Suppose 0 = -k - 5, -2*k + m = -x + 9. List the prime factors of (x/2)/(2/(-6)).
3
Let d(r) = 5*r**2 - 3. What are the prime factors of d(2)?
17
Let r be -3 + 4 - (3 - 4). Suppose 0 = x - 2*o + 14, r*x = -o - 59 + 6. Let g = -10 - x. What are the prime factors of g?
2, 7
Let o = -9 - -14. Let r(l) = l**2 + 4*l - 4. What are the prime factors of r(o)?
41
Let d(b) = -b**3 - b**2 + b. Let y(t) = 2*t + 1. Let x be y(-2). List the prime factors of d(x).
3, 5
Suppose h = -4*u - 2*h - 187, u + 2*h = -53. Let m = 60 + u. What are the prime factors of m?
17
Let a(b) = -b**2 - 20*b + 13. List the prime factors of a(-18).
7
Let h(w) = -8*w - 15. What are the prime factors of h(-7)?
41
Let f(w) = -7*w + 10. What are the prime factors of f(-10)?
2, 5
Let k be 3/15 - (-18)/10. Let s = -9 + k. Let g = 18 + s. What are the prime factors of g?
11
Let w(g) = g + 0*g**2 + g**2 - 5*g + 1 + 4. Let l = -10 - -14. List the prime factors of w(l).
5
Let u(x) = 2*x**3 - 4*x**2 + 2*x. Let g be u(3). Let h = g - 2. What are the prime factors of h?
2, 11
Suppose 0 = -38*v + 42*v - 528. What are the prime factors of v?
2, 3, 11
Suppose -2*g - 3*x = -12, -5*g + 35 = 5*x + 10. Suppose -4*q + 6*q = -g*k + 37, 3 = -3*q. List the prime factors of k.
13
Let u be (120/9)/(-1)*-3. Suppose -3*w + w + u = 3*g, 12 = 2*w - 4*g. What are the prime factors of w?
2, 7
Let o = 148 - 46. List the prime factors of o.
2, 3, 17
Suppose 3*i - 4*t + 0*t = 127, -2*t + 121 = 3*i. List the prime factors of i.
41
Let n(l) = -l**2 + 6*l - 3. Let a be n(4). Suppose -5*i = a*j - 2*j - 58, 0 = -5*j + i + 78. List the prime factors of j.
2
Let z = -12 - -14. Suppose w + 5*a - 17 = a, -3*w = -z*a - 51. List the prime factors of w.
17
Suppose 271 = 4*f + 83. List the prime factors of f.
47
Let k be (18 + (-3)/(-1))*-1. What are the prime factors of (-141)/k - 4/(-14)?
7
What are the prime factors of ((-3)/2)/(6/(-220))?
5, 11
List the prime factors of -135*(-5)/30*2.
3, 5
Suppose -1 - 17 = -3*z. What are the prime factors of z?
2, 3
Let b = -10 + 17. Let y(m) = -m**3 + 7*m**2 + 2*m - 9. What are the prime factors of y(b)?
5
Let l be (6 + -7)*1*-7. Suppose -5*y + l + 38 = 0. List the prime factors of y.
3
Suppose 3*s + 542 = 5*s. What are the prime factors of s?
271
Let a(u) = 5*u. Let r(s) = 60*s + 18. Let h(b) = 17*b + 5. Let l(j) = -18*h(j) + 5*r(j). Let y(f) = -3*a(f) - 2*l(f). List the prime factors of y(-3).
3
Suppose 0*w + w - 304 = 0. Suppose 3*o - w = -o. List the prime factors of (-6)/27 - o/(-18).
2
Suppose 4*m - 74 + 10 = 0. What are the prime factors of m?
2
Let x(z) = -z**2 + 13*z - 5. Let k be x(5). Suppose 4*v = 3 + 17. Suppose 4*p = 3*f + 5 + k, -v*f - 41 = -3*p. What are the prime factors of p?
7
Suppose 3*c + 3*u - 48 = 0, -5*c + 5*u = -2 - 98. Suppose -2*o - 3*n = -c, -o + 17 = 3*n + 2. What are the prime factors of o?
3
List the prime factors of -4*5*(-3)/((-75)/(-10)).
2
Let g be 26 - 3 - (0 - -1). Suppose -5*k = -4*u - 48, -2*k + 7*u = 4*u - g. List the prime factors of k.
2
Let h be (16/(-6))/(5/(-15)). Let f(t) = t**3 - 7*t**2 - 8*t + 7. List the prime factors of f(h).
7
Let g(y) = 8*y - 6. Let b(k) = 23*k - 17. Let p(t) = 6*b(t) - 17*g(t). Let v = -5 + 12. What are the prime factors of p(v)?
2, 7
Suppose 30 + 72 = m. List the prime factors of m.
2, 3, 17
Suppose 5*s = u - 156 - 141, 4*u - s - 1131 = 0. What are the prime factors of u?
2, 3, 47
Let y(f) = f + 2. Suppose -4*o = 5*k - 5, 0 = -3*o - 0*o - 3*k + 6. What are the prime factors of y(o)?
7
Suppose 4*t = 3*t + 5*l - 22, t - 8 = -l. Suppose 0 = t*p - 91 + 31. What are the prime factors of p?
2, 5
Let l be (-4 - -5)/((-1)/(-3)). Let k be 2 - l*(-6)/9. Suppose 0*y + 3*y - 63 = -k*b, 4*b - 2*y - 38 = 0. List the prime factors of b.
2, 3
Let u(f) = 0 + 2*f - 3*f + 2. Let h be u(3). Let g(z) = 3*z**2 - z. List the prime factors of g(h).
2
Let l be (-1 + 2)*(15 + 4). Suppose -2*m = -3 - l. Suppose -m = -u + 9. What are the prime factors of u?
2, 5
Let m(j) = j**2 + j - 1. Let r(l) = l**3 + 9*l**2 + 6*l - 5. Let b(q) = -q + 4. Let u be b(5). Let t(d) = u*r(d) + 4*m(d). List the prime factors of t(-5).
11
Let o(m) = -m**3 - m**2 + m + 1. Let r(n) = n**3 + 10*n**2 - 7*n - 4. Let x(a) = 2*o(a) + r(a). List the prime factors of x(6).
2, 5
Let c(r) = 4*r**2 + r + 1. Let m be 2*(4 + -4 + 1). Let a be c(m). Let t = a + -10. List the prime factors of t.
3
Suppose -2*q - 134 = 4*w, -69 = q - 0*q + 4*w. Let c = q + 120. List the prime factors of c.
5, 11
Let a(g) be the third derivative of g**5/30 - 3*g**4/8 + g**3/6 - g**2. Let v be a(6). Let p = v - 10. What are the prime factors of p?
3
Let x(z) = -16*z + 3. What are the prime factors of x(-2)?
5, 7
Let h(o) = o**2 - 10*o - 2. Let i = 4 + 4. Let n be h(i). Let a = 29 + n. What are the prime factors of a?
11
Suppose -2*y + 140 = 5*b, 0 = -5*b + 2*y + 2*y + 110. Let g = b + -14. List the prime factors of g.
2, 3
Let m = -3 - -7. Suppose 0 = m*h - 12. What are the prime factors of h?
3
List the prime factors of (-610)/(-4)*12/15.
2, 61
Suppose -3*m + 0*m = w - 32, 0 = -2*w - 3*m + 52. What are the prime factors of w?
2, 5
Suppose -5*v + v + 18 = -5*r, -16 = 4*r - 4*v. Let y = -2 - r. List the prime factors of y/(3/3) + 8.
2
Suppose k = -3*k - 16. Let g = k - -14. List the prime factors of g.
2, 5
Suppose 0 = -3*l + 7*l + 12, 2*d - 27 = -l. What are the prime factors of d?
3, 5
Let q be 8 - ((-3)/(-1) - 4). Let k = q - 7. Suppose 0 = -6*y + k*y + 68. List the prime factors of y.
17
Let v(i) = -i**2 - i. Let m be v(0). Let k(x) = -1 + m + 4*x + 0*x. What are the prime factors of k(1)?
3
Let g(x) = 21*x + 5. Let b be g(3). List the prime factors of b*-3*(-3)/18.
2, 17
Let t(h) = h**2 + 4*h. Let d be t(-4). Suppose -2*s + 2*p = -36, -88 = -d*s - 5*s + 3*p. List the prime factors of s.
17
Suppose -w + 5*w - 28 = 0. Let r = -5 + w. Suppose 0 = -r*k + 4 + 8. List the prime factors of k.
2, 3
Let n = 11 - 11. Let w be 5/1 + n + 1. Suppose -w*z - 100 = -11*z. List the prime factors of z.
2, 5
Let h be 2 - 12*(-7)/2. Suppose 6 = f - 2*z + 5*z, h = 5*f + z. Suppose -f - 33 = -3*s. List the prime factors of s.
2, 7
Suppose 0 = -5*p + b + 871, -8*p = -13*p - 2*b + 868. What are the prime factors of p?
2, 3, 29
List the prime factors of 4/(24/(-201))*-2.
67
Let z be (0/(-5))/(1 + 0). Suppose z = c - 4*c + 15. List the prime factors of c.
5
Let b(a) = a**3 + 11*a**2 + 9*a + 4. Let r be b(-10). Suppose -26 = -2*d + 5*u, 4*d - 5*u = -r + 66. List the prim